{"id":14,"date":"2023-12-12T11:04:47","date_gmt":"2023-12-12T10:04:47","guid":{"rendered":"http:\/\/www.dislecan.es\/?page_id=14"},"modified":"2023-12-12T15:50:34","modified_gmt":"2023-12-12T14:50:34","slug":"que-hacemos","status":"publish","type":"page","link":"https:\/\/www.dislecan.es\/?page_id=14","title":{"rendered":"Qu\u00e9 hacemos?"},"content":{"rendered":"\n<p class=\"has-medium-font-size\">Charlas informativas en centros educativos, sanitarios y de servicios sociales.<\/p>\n\n<p class=\"has-medium-font-size\">Intercambio de experiencias entre familas<\/p><!-- \/wp:paragraph -->\n<p class=\"has-medium-font-size\">Informaci\u00f3n y ayuda orientativa a los padres.<\/p>\n<!-- wp:paragraph {\"fontSize\":\"medium\"} -->\n<p class=\"has-medium-font-size\">Conferencias y seminarios con especialistas.<\/p>\n<!-- wp:paragraph {\"fontSize\":\"medium\"} -->\n<p class=\"has-medium-font-size\">Charlas informativas en centros educativos, sanitarios y de servicios sociales.<\/p>\n<!-- wp:paragraph {\"fontSize\":\"medium\"} -->\n<p class=\"has-medium-font-size\">Intercambio de experiencias entre familas<\/p><!-- \/wp:post-content --><!-- \/wp:paragraph -->\n<p class=\"has-medium-font-size\"><strong>Como asociaci\u00f3n a nivel general<\/strong><\/p>\n<!-- wp:paragraph {\"fontSize\":\"medium\"} -->\n<p class=\"has-medium-font-size\">Informaci\u00f3n y ayuda orientativa a los padres.<\/p>\n<!-- wp:paragraph {\"fontSize\":\"medium\"} -->\n<p class=\"has-medium-font-size\">Conferencias y seminarios con especialistas.<\/p>\n<!-- wp:paragraph {\"fontSize\":\"medium\"} -->\n<p class=\"has-medium-font-size\">Charlas informativas en centros educativos, sanitarios y de servicios sociales.<\/p>\n<!-- wp:paragraph {\"fontSize\":\"medium\"} -->\n<p class=\"has-medium-font-size\">Intercambio de experiencias entre familas<\/p><!-- \/wp:post-content --><!-- \/wp:paragraph -->\n<p class=\"has-medium-font-size\">Adem\u00e1s exigimos el cumplimiento del art\u00edculo 28 de los Derechos del Ni\u00f1o, donde se dice que todos tienen derecho a la educaci\u00f3n y alegamos que, si no les damos oportunidad de aprender con unas herramientas adecuadas a su problema, se les est\u00e1 negando un derecho fundamental.<\/p>\n<!-- wp:paragraph {\"fontSize\":\"medium\"} -->\n<p class=\"has-medium-font-size\"><strong>Como asociaci\u00f3n a nivel general<\/strong><\/p>\n<!-- wp:paragraph {\"fontSize\":\"medium\"} -->\n<p class=\"has-medium-font-size\">Informaci\u00f3n y ayuda orientativa a los padres.<\/p>\n<!-- wp:paragraph {\"fontSize\":\"medium\"} -->\n<p class=\"has-medium-font-size\">Conferencias y seminarios con especialistas.<\/p>\n<!-- wp:paragraph {\"fontSize\":\"medium\"} -->\n<p class=\"has-medium-font-size\">Charlas informativas en centros educativos, sanitarios y de servicios sociales.<\/p>\n<!-- wp:paragraph {\"fontSize\":\"medium\"} -->\n<p class=\"has-medium-font-size\">Intercambio de experiencias entre familas<\/p><!-- \/wp:post-content --><!-- \/wp:paragraph -->\n<p class=\"has-medium-font-size\">Pedir que en la ley de Educaci\u00f3n aparezcan como necesidades educativas especiales los problemas derivados por las dificultades espec\u00edficas del aprendizaje y que \u00e9sta se aplique a las leyes en nuestra Comunidad Aut\u00f3noma.<\/p>\n<!-- wp:paragraph {\"fontSize\":\"medium\"} -->\n<p class=\"has-medium-font-size\">Adem\u00e1s exigimos el cumplimiento del art\u00edculo 28 de los Derechos del Ni\u00f1o, donde se dice que todos tienen derecho a la educaci\u00f3n y alegamos que, si no les damos oportunidad de aprender con unas herramientas adecuadas a su problema, se les est\u00e1 negando un derecho fundamental.<\/p>\n<!-- wp:paragraph {\"fontSize\":\"medium\"} -->\n<p class=\"has-medium-font-size\"><strong>Como asociaci\u00f3n a nivel general<\/strong><\/p>\n<!-- wp:paragraph {\"fontSize\":\"medium\"} -->\n<p class=\"has-medium-font-size\">Informaci\u00f3n y ayuda orientativa a los padres.<\/p>\n<!-- wp:paragraph {\"fontSize\":\"medium\"} -->\n<p class=\"has-medium-font-size\">Conferencias y seminarios con especialistas.<\/p>\n<!-- wp:paragraph {\"fontSize\":\"medium\"} -->\n<p class=\"has-medium-font-size\">Charlas informativas en centros educativos, sanitarios y de servicios sociales.<\/p>\n<!-- wp:paragraph {\"fontSize\":\"medium\"} -->\n<p class=\"has-medium-font-size\">Intercambio de experiencias entre familas<\/p><!-- \/wp:post-content --><!-- \/wp:paragraph -->\n<p class=\"has-medium-font-size\">Como asociacion a nivel Institucional<\/p>\n<p class=\"has-medium-font-size\"><strong>MINISTERIO DE EDUCACI\u00d3N<\/strong><\/p>\n<!-- wp:paragraph {\"fontSize\":\"medium\"} -->\n<p class=\"has-medium-font-size\">Pedir que en la ley de Educaci\u00f3n aparezcan como necesidades educativas especiales los problemas derivados por las dificultades espec\u00edficas del aprendizaje y que \u00e9sta se aplique a las leyes en nuestra Comunidad Aut\u00f3noma.<\/p>\n<!-- wp:paragraph {\"fontSize\":\"medium\"} -->\n<p class=\"has-medium-font-size\">Adem\u00e1s exigimos el cumplimiento del art\u00edculo 28 de los Derechos del Ni\u00f1o, donde se dice que todos tienen derecho a la educaci\u00f3n y alegamos que, si no les damos oportunidad de aprender con unas herramientas adecuadas a su problema, se les est\u00e1 negando un derecho fundamental.<\/p>\n<!-- wp:paragraph {\"fontSize\":\"medium\"} -->\n<p class=\"has-medium-font-size\"><strong>Como asociaci\u00f3n a nivel general<\/strong><\/p>\n<!-- wp:paragraph {\"fontSize\":\"medium\"} -->\n<p class=\"has-medium-font-size\">Informaci\u00f3n y ayuda orientativa a los padres.<\/p>\n<!-- wp:paragraph {\"fontSize\":\"medium\"} -->\n<p class=\"has-medium-font-size\">Conferencias y seminarios con especialistas.<\/p>\n<!-- wp:paragraph {\"fontSize\":\"medium\"} -->\n<p class=\"has-medium-font-size\">Charlas informativas en centros educativos, sanitarios y de servicios sociales.<\/p>\n<!-- wp:paragraph {\"fontSize\":\"medium\"} -->\n<p class=\"has-medium-font-size\">Intercambio de experiencias entre familas<\/p><!-- \/wp:post-content --><!-- \/wp:paragraph --><!-- wp:paragraph {\"fontSize\":\"medium\"} -->\n<p class=\"has-medium-font-size\">Como asociacion a nivel Institucional<\/p>\n<p class=\"has-medium-font-size\"><strong>MINISTERIO DE EDUCACI\u00d3N<\/strong><\/p>\n<!-- wp:paragraph {\"fontSize\":\"medium\"} -->\n<p class=\"has-medium-font-size\">Pedir que en la ley de Educaci\u00f3n aparezcan como necesidades educativas especiales los problemas derivados por las dificultades espec\u00edficas del aprendizaje y que \u00e9sta se aplique a las leyes en nuestra Comunidad Aut\u00f3noma.<\/p>\n<!-- wp:paragraph {\"fontSize\":\"medium\"} -->\n<p class=\"has-medium-font-size\">Adem\u00e1s exigimos el cumplimiento del art\u00edculo 28 de los Derechos del Ni\u00f1o, donde se dice que todos tienen derecho a la educaci\u00f3n y alegamos que, si no les damos oportunidad de aprender con unas herramientas adecuadas a su problema, se les est\u00e1 negando un derecho fundamental.<\/p>\n<!-- wp:paragraph {\"fontSize\":\"medium\"} -->\n<p class=\"has-medium-font-size\"><strong>Como asociaci\u00f3n a nivel general<\/strong><\/p>\n<!-- wp:paragraph {\"fontSize\":\"medium\"} -->\n<p class=\"has-medium-font-size\">Informaci\u00f3n y ayuda orientativa a los padres.<\/p>\n<!-- wp:paragraph {\"fontSize\":\"medium\"} -->\n<p class=\"has-medium-font-size\">Conferencias y seminarios con especialistas.<\/p>\n<!-- wp:paragraph {\"fontSize\":\"medium\"} -->\n<p class=\"has-medium-font-size\">Charlas informativas en centros educativos, sanitarios y de servicios sociales.<\/p>\n<!-- wp:paragraph {\"fontSize\":\"medium\"} -->\n<p class=\"has-medium-font-size\">Intercambio de experiencias entre familas<\/p><!-- \/wp:post-content --><!-- \/wp:paragraph --><!-- wp:post-content --><!-- wp:paragraph {\"fontSize\":\"medium\"} -->\n<p class=\"has-medium-font-size\">Como asociacion a nivel Institucional<\/p>\n<p class=\"has-medium-font-size\"><strong>MINISTERIO DE EDUCACI\u00d3N<\/strong><\/p>\n<!-- wp:paragraph {\"fontSize\":\"medium\"} -->\n<p class=\"has-medium-font-size\">Pedir que en la ley de Educaci\u00f3n aparezcan como necesidades educativas especiales los problemas derivados por las dificultades espec\u00edficas del aprendizaje y que \u00e9sta se aplique a las leyes en nuestra Comunidad Aut\u00f3noma.<\/p>\n<!-- wp:paragraph {\"fontSize\":\"medium\"} -->\n<p class=\"has-medium-font-size\">Adem\u00e1s exigimos el cumplimiento del art\u00edculo 28 de los Derechos del Ni\u00f1o, donde se dice que todos tienen derecho a la educaci\u00f3n y alegamos que, si no les damos oportunidad de aprender con unas herramientas adecuadas a su problema, se les est\u00e1 negando un derecho fundamental.<\/p>\n<!-- wp:paragraph {\"fontSize\":\"medium\"} -->\n<p class=\"has-medium-font-size\"><strong>Como asociaci\u00f3n a nivel general<\/strong><\/p>\n<!-- wp:paragraph {\"fontSize\":\"medium\"} -->\n<p class=\"has-medium-font-size\">Informaci\u00f3n y ayuda orientativa a los padres.<\/p>\n<!-- wp:paragraph {\"fontSize\":\"medium\"} -->\n<p class=\"has-medium-font-size\">Conferencias y seminarios con especialistas.<\/p>\n<!-- wp:paragraph {\"fontSize\":\"medium\"} -->\n<p class=\"has-medium-font-size\">Charlas informativas en centros educativos, sanitarios y de servicios sociales.<\/p>\n<!-- wp:paragraph {\"fontSize\":\"medium\"} -->\n<p class=\"has-medium-font-size\">Intercambio de experiencias entre familas<\/p><!-- \/wp:post-content -->","protected":false},"excerpt":{"rendered":"<p>Charlas informativas en centros educativos, sanitarios y de servicios sociales. Intercambio de experiencias entre familas Informaci\u00f3n y ayuda orientativa a los padres. Conferencias y seminarios con especialistas. Charlas informativas en centros educativos, sanitarios y de servicios sociales. Intercambio de experiencias entre familas Como asociaci\u00f3n a nivel general Informaci\u00f3n y ayuda orientativa a los padres. Conferencias&nbsp;&hellip;<\/p>\n","protected":false},"author":1,"featured_media":0,"parent":0,"menu_order":0,"comment_status":"closed","ping_status":"closed","template":"","meta":{"footnotes":""},"class_list":["post-14","page","type-page","status-publish","hentry"],"aioseo_notices":[],"_links":{"self":[{"href":"https:\/\/www.dislecan.es\/index.php?rest_route=\/wp\/v2\/pages\/14","targetHints":{"allow":["GET"]}}],"collection":[{"href":"https:\/\/www.dislecan.es\/index.php?rest_route=\/wp\/v2\/pages"}],"about":[{"href":"https:\/\/www.dislecan.es\/index.php?rest_route=\/wp\/v2\/types\/page"}],"author":[{"embeddable":true,"href":"https:\/\/www.dislecan.es\/index.php?rest_route=\/wp\/v2\/users\/1"}],"replies":[{"embeddable":true,"href":"https:\/\/www.dislecan.es\/index.php?rest_route=%2Fwp%2Fv2%2Fcomments&post=14"}],"version-history":[{"count":5,"href":"https:\/\/www.dislecan.es\/index.php?rest_route=\/wp\/v2\/pages\/14\/revisions"}],"predecessor-version":[{"id":114,"href":"https:\/\/www.dislecan.es\/index.php?rest_route=\/wp\/v2\/pages\/14\/revisions\/114"}],"wp:attachment":[{"href":"https:\/\/www.dislecan.es\/index.php?rest_route=%2Fwp%2Fv2%2Fmedia&parent=14"}],"curies":[{"name":"wp","href":"https:\/\/api.w.org\/{rel}","templated":true}]}}