{"id":24,"date":"2023-12-12T11:06:56","date_gmt":"2023-12-12T10:06:56","guid":{"rendered":"http:\/\/www.dislecan.es\/?page_id=24"},"modified":"2025-02-25T12:29:42","modified_gmt":"2025-02-25T11:29:42","slug":"recursos","status":"publish","type":"page","link":"https:\/\/www.dislecan.es\/?page_id=24","title":{"rendered":"Recursos"},"content":{"rendered":"\r\n<p class=\"has-large-font-size\" style=\"text-align: center;\"><strong>Legislaci\u00f3n Canarias<\/strong><\/p>\r\n<p>&nbsp;<\/p>\r\n\r\n\r\n\r\n<p class=\"has-text-align-center\" style=\"text-align: center;\"><a href=\"\/wp-content\/uploads\/2023\/12\/decreto252018.pdf\">Decreto 25\/2018<\/a><\/p>\r\n\r\n\r\n\r\n<p class=\"has-text-align-center\" style=\"text-align: center;\"><a href=\"\/wp-content\/uploads\/2023\/12\/orden2010.pdf\">Orden 2010<\/a><\/p>\r\n\r\n\r\n\r\n<p class=\"has-text-align-center\" style=\"text-align: center;\"><a href=\"\/wp-content\/uploads\/2025\/02\/boc-a-2011-040-910.pdf\r\n\">Legislaci\u00f3n<\/a><\/p>\r\n\r\n\r\n\r\n<p class=\"has-text-align-center\" style=\"text-align: center;\"><a href=\"\/wp-content\/uploads\/2023\/12\/Resolucion_NEAE.pdf\">Resoluci\u00f3n NEAE<\/a><\/p>\r\n\r\n\r\n<br \/>\r\n\r\n\r\n<p class=\"has-large-font-size\" style=\"text-align: center;\"><strong>Apoyo Espec\u00edfico<\/strong><\/p>\r\n<p>&nbsp;<\/p>\r\n\r\n\r\n\r\n<p class=\"has-text-align-center\" style=\"text-align: center;\"><a href=\"\/wp-content\/uploads\/2023\/12\/Triptico-2015-infoPAED.pdf\">Tr\u00edptico Info PAED 2015<\/a><\/p>\r\n\r\n\r\n\r\n<p class=\"has-text-align-center\" style=\"text-align: center;\"><a href=\"\/wp-content\/uploads\/2023\/12\/Protocolo-NEE-2019-2.pdf\">Universidades en la CCAA de Canarias<\/a><\/p>\r\n\r\n\r\n\r\n<p class=\"has-text-align-center\" style=\"text-align: center;\"><a href=\"\/wp-content\/uploads\/2023\/12\/Carta-socios-PAU-EOI.pdf\">Escuales Oficiales de Idiomas<\/a><\/p>\r\n\r\n\r\n\r\n<p class=\"has-text-align-center\" style=\"text-align: center;\"><a href=\"\/wp-content\/uploads\/2023\/12\/dgt.pdf\">Direcci\u00f3n General de Tr\u00e1fico<\/a><\/p>\r\n<p>&nbsp;<\/p>\r\n\r\n\r\n\r\n<p class=\"has-large-font-size\" style=\"text-align: center;\"><strong>Carteles<\/strong><\/p>\r\n<p>&nbsp;<\/p>\r\n\r\n\r\n\r\n<p class=\"has-text-align-center\" style=\"text-align: center;\"><a href=\"\/wp-content\/uploads\/2023\/12\/Cartel-Se-Llama-Dislexia.pdf\">Se llama Dislexia<\/a><\/p>\r\n\r\n\r\n\r\n<p class=\"has-text-align-center\" style=\"text-align: center;\"><a href=\"\/wp-content\/uploads\/2023\/12\/Cartel-Sen\u0303ales.pdf\">Se\u00f1ales<\/a><\/p>\r\n\r\n\r\n\r\n<p class=\"has-text-align-center\" style=\"text-align: center;\"><a href=\"\/wp-content\/uploads\/2023\/12\/Sema\u0301foro.pdf\">Sem\u00e1foro<\/a><\/p>\r\n\r\n\r\n\r\n<p class=\"has-text-align-center\" style=\"text-align: center;\"><a href=\"\/wp-content\/uploads\/2023\/12\/Folleto.pdf\">Folleto<\/a><\/p>\r\n<p>&nbsp;<\/p>\r\n\r\n\r\n\r\n<p class=\"has-large-font-size\" style=\"text-align: center;\"><strong>Medios de comunicaci\u00f3n<\/strong><\/p>\r\n<p>&nbsp;<\/p>\r\n\r\n\r\n\r\n<p class=\"has-text-align-center\" style=\"text-align: center;\"><a href=\"https:\/\/www.eldia.es\/sociedad\/2019\/10\/10\/10-dislexicos-mayoria-detectar-aulas-22554752.html\">Noticia en El D\u00eda &#8211; 2019<\/a><\/p>\r\n\r\n\r\n\r\n<p class=\"has-text-align-center\" style=\"text-align: center;\"><a href=\"https:\/\/diariodeavisos.elespanol.com\/2019\/10\/dislecan-impulsa-la-campana-europea-es-dislexia-y-la-mayoria-no-lo-sabe-en-el-mes-internacional-de-esta-dificultad\/\">Noticia en Diario de Avisos &#8211; 2019<\/a><\/p>\r\n\r\n\r\n\r\n<p class=\"has-text-align-center\" style=\"text-align: center;\"><a href=\"\/wp-content\/uploads\/2023\/12\/Nota-de-Prensa-2020.pdf\">Nota de Presnta &#8211; 2020<\/a><\/p>\r\n\r\n\r\n\r\n<p class=\"has-text-align-center\" style=\"text-align: center;\"><a href=\"https:\/\/diariodeavisos.elespanol.com\/2021\/10\/sensibilizacion-y-medidas-para-evitar-el-abandono-escolar-claves-para-actuar-contra-la-dislexia\/\">Noticia en Diario de Avisos &#8211; 2021<\/a><\/p>\r\n\r\n\r\n\r\n<p style=\"text-align: center;\">\u00a0<\/p>\r\n\r\n\r\n\r\n<p style=\"text-align: center;\">\u00a0<\/p>\r\n","protected":false},"excerpt":{"rendered":"<p>Legislaci\u00f3n Canarias &nbsp; Decreto 25\/2018 Orden 2010 Legislaci\u00f3n Resoluci\u00f3n NEAE Apoyo Espec\u00edfico &nbsp; Tr\u00edptico Info PAED 2015 Universidades en la CCAA de Canarias Escuales Oficiales de Idiomas Direcci\u00f3n General de Tr\u00e1fico &nbsp; Carteles &nbsp; Se llama Dislexia Se\u00f1ales Sem\u00e1foro Folleto &nbsp; Medios de comunicaci\u00f3n &nbsp; Noticia en El D\u00eda &#8211; 2019 Noticia en Diario de&nbsp;&hellip;<\/p>\n","protected":false},"author":1,"featured_media":0,"parent":0,"menu_order":0,"comment_status":"closed","ping_status":"closed","template":"","meta":{"footnotes":""},"class_list":["post-24","page","type-page","status-publish","hentry"],"aioseo_notices":[],"_links":{"self":[{"href":"https:\/\/www.dislecan.es\/index.php?rest_route=\/wp\/v2\/pages\/24","targetHints":{"allow":["GET"]}}],"collection":[{"href":"https:\/\/www.dislecan.es\/index.php?rest_route=\/wp\/v2\/pages"}],"about":[{"href":"https:\/\/www.dislecan.es\/index.php?rest_route=\/wp\/v2\/types\/page"}],"author":[{"embeddable":true,"href":"https:\/\/www.dislecan.es\/index.php?rest_route=\/wp\/v2\/users\/1"}],"replies":[{"embeddable":true,"href":"https:\/\/www.dislecan.es\/index.php?rest_route=%2Fwp%2Fv2%2Fcomments&post=24"}],"version-history":[{"count":16,"href":"https:\/\/www.dislecan.es\/index.php?rest_route=\/wp\/v2\/pages\/24\/revisions"}],"predecessor-version":[{"id":164,"href":"https:\/\/www.dislecan.es\/index.php?rest_route=\/wp\/v2\/pages\/24\/revisions\/164"}],"wp:attachment":[{"href":"https:\/\/www.dislecan.es\/index.php?rest_route=%2Fwp%2Fv2%2Fmedia&parent=24"}],"curies":[{"name":"wp","href":"https:\/\/api.w.org\/{rel}","templated":true}]}}